 Is a prime?
True
Suppose -6*o - 11*o + 204 = 0. Is o/(-9) - 155233/(-39) composite?
True
Suppose -3*z + 3*x - 6 = -0, z - 4*x = 10. Is 60/10 - 50082/z prime?
True
Let u be (5/((-30)/4))/((-20)/90). Suppose -u*h = z + 1538, 0*h - 6138 = 4*z - 2*h. Is -1 + 5/4 + z/(-20) a composite number?
True
Let u = 2541 + 583. Suppose -t = -5*h + u, h + 5*t + 160 = 764. Suppose -7*j = 4*d - 3*j - 856, -3*d + 3*j + h = 0. Is d composite?
False
Let i(l) = -897*l - 89. Let x be i(-7). Let z = x + 1137. Is z a prime number?
False
Let d(n) = -n**3 - 17*n**2 - 9*n + 72. Let u be d(-16). Let k(i) = -5*i - 103. Is k(u) a composite number?
False
Let y(n) = -361*n**3 - n**2 + 3. Suppose 0 = -6*t + 2*t - 12. Let m be y(t). Let d = -6370 + m. Is d composite?
False
Suppose 50*s + 118502 - 7478651 = 24705301. Is s a composite number?
True
Suppose -16*g + 1137706 = -21670. Is g a composite number?
False
Suppose 7*y - 35338 = 39359. Is (-12)/(-9)*y/4 a composite number?
False
Let g(s) = -15811*s**3 + 2*s**2 + 21*s + 51. Is g(-2) prime?
False
Suppose 5*v - 808062 = -4*i, 4*i = -3*v + 6*v + 808046. Is i prime?
False
Let w be (5 + -2 - 3)/(1*-2). Suppose 25*s - 27*s + 6 = w. Suppose s*f + f - 1420 = 0. Is f a prime number?
False
Let y(k) = -2*k**2 + 44*k - 4. Let x be y(22). Is 20/x + (3394 - 12) prime?
False
Suppose 21*g - 18*g + 9660 = 0. Let k = g + 6033. Is k composite?
True
Let m be (-40)/14*(147/6)/(-7). Suppose 2*g + 0 + 2 = -2*u, -3*u = 4*g + 6. Suppose -m*l = -u*l - 2984. Is l composite?
False
Let p = -10553 + 3018. Let s = 4670 - p. Is s a prime number?
False
Suppose 17*a - 36 = -2. Is -2*(-3)/(-18)*(-47406)/a a composite number?
False
Let k(h) = -3*h**3 + h**2 - h - 2. Let y be k(-1). Suppose 0 = 2*a + y*m - 5186, 5*a - 5*m = -1523 + 14538. Is a a prime number?
False
Suppose 5*u - 15 = 0, -355*x - 5*u = -357*x + 11. Let o be 4581/(-6)*32/(-6). Suppose -5*z = -x*z + o. Is z a composite number?
False
Suppose -401883 - 555540 = -51*q. Is q prime?
True
Let p(b) = 111300*b + 467. Is p(2) a prime number?
False
Let y(d) = -390*d**3 + 10*d + 9. Suppose -3*j = -3*c + 23 - 8, -5*c + 17 = -j. Is y(j) prime?
True
Let z be (-466)/((-4)/2)*19. Suppose 5*f + 27923 = 4*h, -h = -f - z - 2554. Is h/6 + 10/(-15) composite?
False
Suppose -6 - 24 = -2*i - 2*w, -3*w = i - 15. Let n(d) = 862*d + 71. Is n(i) composite?
False
Let f be (-3 - -10)/(1/34). Is (f/21)/((-4)/(-246)) a composite number?
True
Let x be 1 + (-15)/(-5) - (2 - -1). Is x/4 - (-507)/4 a composite number?
False
Let o be (7532/(-7) + 0)/((-2)/274). Suppose 73707 = d + c, 15*c + o = 2*d + 18*c. Is d composite?
False
Suppose 19*v = 27*v + 24*v - 4642592. Is v composite?
True
Suppose -l - 7*h + 21323 = -10*h, 3*h + 106579 = 5*l. Is l a prime number?
False
Let d(m) = 15570*m**2 + 1164*m + 29. Is d(-7) a composite number?
False
Suppose 4*b - 87 = -3. Let t = b + -49. Let s = t + 177. Is s prime?
True
Suppose 2*y + y = -v + 22335, 0 = 4*y + 4*v - 29772. Let u = 11587 - y. Is u a composite number?
True
Suppose 0 = 4*n - 5*i - 165285, 3*i - 68419 = 3*n - 192379. Is n prime?
False
Let u = -17 - -19. Suppose -3*p + u*c + 8 = -14, -p + 2*c = -10. Suppose 9*f - 201 = p*f. Is f composite?
False
Suppose -76*m + 115054 = -39*m - 35*m. Is m a prime number?
True
Let x = -17 + 25. Suppose s = -2*h, 2*h + 4*s + x = -2*h. Is (1089 - h)/(-7 - -8) a composite number?
False
Let p(y) = 129*y**2 - 57*y + 151. Is p(26) a prime number?
False
Suppose 0 = 5*v - 4*i - 95442, 0 = -2*i + 6*i + 12. Suppose 0 = -4*w - 16, 10*w = -5*j + 14*w + v. Is j a composite number?
True
Suppose -236896 = -10*z - 51086. Suppose -10291 - 8270 = -5*a + q, 4*q = -5*a + z. Is a a prime number?
False
Let v = -3025 + 6225. Suppose 12*f + 5*m = 10*f - 3438, -4*m - 6876 = 4*f. Let t = f + v. Is t a composite number?
False
Let x = -73250 - -111097. Is x a composite number?
False
Suppose -4*u + 16824 = 5*q, 0*u + q = 5*u - 21001. Is u prime?
True
Let c(b) = 7. Let n(i) = -156*i + 33. Let t(v) = -8*c(v) + n(v). Let p(s) = -s**2 - s - 6. Let y be p(0). Is t(y) composite?
True
Let q(b) be the third derivative of -923*b**4/12 + 11*b**3/6 - 7*b**2. Is q(-6) composite?
False
Suppose -37 = z + 5*p, 2*z - 2*p = 5*z + 46. Let h be ((1*z)/(-4) - -16) + -1. Is (8582/(-6))/((-6)/h) a prime number?
False
Suppose 489*n = -45*n + 76274958. Is n a prime number?
True
Suppose -1287 = -8*v - 295. Let j = v - 107. Suppose -j*a + 7301 = -10*a. Is a prime?
False
Let t(b) = -7*b - 10*b + 0 - 16 + b**3 + 45*b - 13*b**2 + 1. Is t(23) a prime number?
False
Is -46*12055/(-45) + 24/216 a composite number?
False
Suppose w + 120 = -4*w. Let f = 25 + w. Is f/(-12)*-4 - (-2080)/6 a composite number?
False
Let d be (116/12)/((-4)/72). Let g be (1 + 10)/(-3 + d/(-57)). Suppose 208*v + 853 = g*v. Is v prime?
True
Suppose -3*u - 2*h + 134 = 2*h, -4*u = -4*h - 132. Suppose u = -3*d + 8. Let j(i) = 2*i**2 - 24*i - 21. Is j(d) a composite number?
False
Let y(z) = -15*z**2 - 27*z + 7. Let b be y(13). Let p = -1486 - b. Suppose -3*l + 2*k + p = 0, -5*l + 459 = -4*l - 2*k. Is l a composite number?
False
Let q(c) = 405*c**2 - 94*c + 4. Let d be q(4). Suppose 80607 - d = 19*k. Is k composite?
True
Let a be (-17)/(102/9648) + 0. Let y = -805 - a. Is y a prime number?
False
Let m(c) = -3*c - 6. Let o be m(-4). Let u(k) = 69*k**2 + 48*k + 85. Let j(n) = 23*n**2 + 17*n + 29. Let g(p) = -17*j(p) + 6*u(p). Is g(o) a prime number?
True
Suppose 0 = -330*y + 336*y - 4236. Suppose y*s = 700*s + 85530. Is s prime?
False
Let u(r) = -33*r**3 + 2*r**2 - 34*r - 86. Is u(-9) a composite number?
False
Let u = -123 - -132. Is ((-252)/(-8) + 3)/(u/1086) composite?
True
Let s = 8143 + 316930. Is s composite?
True
Let h(a) = 362*a - 14209. Is h(51) prime?
True
Let g = -75 - -79. Let m be ((-52)/(-10) - g)/((-3)/15). Is (4/m)/((-32)/41712) prime?
False
Suppose 27*h - 61*h - 28*h = -9835494. Is h a composite number?
True
Let z = 382 + -388. Is -6 + 33519*(-2)/z a prime number?
False
Let c be 9/6*140/15. Let r = 18 - c. Suppose 0 = -r*s + 6*s - 1052. Is s prime?
False
Suppose -1365*f - 343257 = -3*a - 1368*f, 4*f = -8. Is a composite?
True
Let l(f) = 1033*f**2 - 3*f - 13. Let c = 286 + -289. Is l(c) a prime number?
True
Suppose 14*p = 3*p + 55. Suppose -9*x + p*x = -37096. Is x prime?
False
Suppose -4*z = 3*s - 302974, 2*s + 4*z - 201970 = -5*z. Is s composite?
True
Let k(s) = -119*s + 110173. Is k(0) prime?
False
Suppose -5*x - 3*w = -1250, -3*x + 6*w - 3*w + 726 = 0. Is x prime?
False
Let j = -39 - -42. Suppose -p - 3*f = -885, -2*p - f + 1770 = -j*f. Suppose 5*m - 19690 = -p. Is m composite?
False
Let m(l) = l**3 + l**2 - l - 14. Let j be m(0). Is j/4*(-111364)/77 a composite number?
True
Let w(b) = -221*b + 27. Let v be w(-5). Let y = v + -756. Suppose 406 = 3*d - 5*z, 3*d + 3*z - y = 2*z. Is d prime?
True
Suppose -3*a + 3*y + 249804 = 0, 0 = -4*a + 2*y + 213705 + 119357. Is a composite?
True
Suppose 0 = -x - 0*o - o + 152, -5*x + 730 = -5*o. Suppose 24*n - 29*n + 1700 = 0. Let u = n - x. Is u composite?
False
Let k be (-26971)/(-1)*((-1056)/77 + 14). Let j = -3997 + k. Is j prime?
True
Suppose 97*f + 1352787 = 100*f + 3*i, 2*f - 4*i - 901822 = 0. Is f a prime number?
False
Let l be 1/(-2) + (2310/20)/11. Suppose -4*d = d + l, -d - 79 = -j. Is j composite?
True
Let x be (27 - 23)/(1/4). Suppose x*o - 12027 - 15669 = 0. Is o composite?
True
Suppose -i - 50*f = -45*f - 15638, 62621 = 4*i - 3*f. Is i prime?
False
Let g = -36 - -20. Let n = -19 - g. Is ((-3)/n)/((-2)/(-38)) a prime number?
True
Suppose 15*j + 231741 - 13026 = 0. Let b = j - -29880. Is b a prime number?
True
Let j(a) = -5*a**3 + 21*a**2 - 29*a + 24. Let u be j(-18). Suppose -4*r - 11*r = -u. Is r composite?
True
Let x(f) = -1 - 4*f**2 + 5*f**2 + 3*f - 6 + 0*f**2. Let n be x(-5). Suppose 0*b = -b - 2*w + 673, -2019 = -n*b + 3*w. Is b a composite number?
False
Suppose -18*j + 44995 = -8915. Let z = j + 4900. Is z prime?
False
Suppose 0 = 2*i - 3*n - 181334, 54*n = -2*i + 59*n + 181334. Is i a prime number?
False
Suppose -4*f - 1095 + 4739 = 0. Is f prime?
True
Let c = -595611 - -1009742. Is c a prime number?
True
Suppose -2*v - 4 = 0, 2*i - v = -27717 + 84373. Is i a composite number?
True
Let r be (62 - -2)*154/8. Suppose 3*h = 4*k - 2599, -3*k + 20 = 2*k. Let p = h + r. Is 